-3401 (base 9) in base 11?
-1984
What is 2da2 (base 16) in base 4?
2312202
Convert -810a (base 16) to base 15.
-9bc4
-11110 (base 2) to base 4
-132
87028 (base 9) to base 8
160421
-13311 (base 4) to base 13
-2c7
Convert -3a81 (base 13) to base 10.
-8386
What is 32124 (base 6) in base 10?
4372
11112011 (base 3) to base 11
2529
Convert -13f (base 16) to base 10.
-319
Convert -1ac (base 13) to base 2.
-100110111
What is 323 (base 8) in base 9?
254
What is -101026 (base 7) in base 13?
-7a7a
Convert -1b288 (base 12) to base 11.
-28178
What is 211200 (base 3) in base 15?
2ac
112120212 (base 3) to base 13
4ac0
23a3 (base 12) to base 16
fab
Convert c71 (base 14) to base 15.
ad6
52d (base 16) to base 2
10100101101
c5b4 (base 13) to base 7
142520
What is 525d (base 14) in base 13?
65cc
Convert -ca (base 15) to base 13.
-118
-b3b (base 15) to base 3
-10110202
Convert -1010111011 (base 2) to base 7.
-2016
What is 1110000101 (base 2) in base 12?
631
214 (base 13) to base 2
101100011
Convert 758 (base 11) to base 8.
1616
Convert -100001101 (base 2) to base 16.
-10d
What is -116 (base 13) in base 2?
-10111100
Convert -5045 (base 6) to base 13.
-674
What is 2244412 (base 5) in base 7?
226250
-1111000011010 (base 2) to base 8
-17032
1201 (base 16) to base 14
1973
b57 (base 12) to base 16
673
-572 (base 15) to base 12
-868
What is 2c2 (base 15) in base 7?
1562
343031 (base 5) to base 6
132442
15468 (base 9) to base 11
7a5a
-113025 (base 9) to base 3
-10110000212
What is -4021 (base 10) in base 8?
-7665
Convert -284 (base 16) to base 10.
-644
What is -100000 (base 4) in base 16?
-400
c61 (base 13) to base 6
13431
Convert -423 (base 7) to base 11.
-184
Convert 33d (base 14) to base 10.
643
1b7d (base 14) to base 9
6777
Convert -71388 (base 9) to base 15.
-ddbe
Convert -461 (base 8) to base 5.
-2210
-1112100 (base 3) to base 16
-45c
What is -23415 (base 8) in base 10?
-9997
Convert 67781 (base 9) to base 7.
245341
-3e6 (base 15) to base 16
-37b
Convert 95d (base 15) to base 11.
1651
Convert 12033012 (base 4) to base 3.
1022001000
What is -1412 (base 8) in base 11?
-648
-6c8 (base 15) to base 11
-1179
326 (base 11) to base 9
474
32c (base 15) to base 5
10332
-755 (base 8) to base 2
-111101101
Convert -c5a4 (base 16) to base 3.
-2120101221
Convert 124032 (base 6) to base 14.
415a
What is -1233 (base 6) in base 4?
-10311
What is -562 (base 11) in base 14?
-361
What is 40432 (base 5) in base 16?
a39
What is 20583 (base 10) in base 9?
31210
What is 32a55 (base 11) in base 8?
135357
What is 202111 (base 6) in base 14?
5bab
What is -346 (base 8) in base 15?
-105
Convert 26672 (base 10) to base 6.
323252
-1875 (base 10) to base 4
-131103
-11003 (base 4) to base 9
-388
-3008 (base 9) to base 13
-ccb
-111111010 (base 2) to base 7
-1322
Convert 68837 (base 9) to base 13.
17b63
Convert -1222101 (base 3) to base 5.
-21231
1235 (base 6) to base 5
2221
-102201010 (base 3) to base 9
-12633
What is -23033121 (base 4) in base 2?
-1011001111011001
What is 11001010111 (base 2) in base 7?
4506
2981 (base 11) to base 8
7400
-19d (base 14) to base 2
-101001111
Convert -22011 (base 3) to base 9.
-264
Convert -1642 (base 8) to base 4.
-32202
What is 1b5b (base 12) in base 16?
d37
What is 91a (base 12) in base 5?
20233
What is 3602 (base 7) in base 6?
10045
Convert -305 (base 16) to base 8.
-1405
What is -1001 (base 2) in base 14?
-9
What is -2611 (base 7) in base 8?
-1734
What is -43035 (base 6) in base 8?
-13337
1314 (base 14) to base 9
4532
30140 (base 6) to base 16
f6c
Convert -1498b (base 13) to base 12.
-1a689
395 (base 13) to base 14
32d
Convert -5424 (base 15) to base 16.
-4591
What is 1101010010111 (base 2) in base 16?
1a97
What is -60230 (base 9) in base 8?
-115203
-13653 (base 7) to base 13
-1935
Convert -240 (base 8) to base 7.
-316
Convert -2011010012 (base 3) to base 6.
-524052
What is 1635 (base 7) in base 10?
663
Convert -2392 (base 16) to base 6.
-110054
What is faed (base 16) in base 2?
1111101011101101
-1100110010011 (base 2) to base 5
-202142
Convert 6aa9 (base 11) to base 16.
2463
What is 1002100 (base 3) in base 2?
1100011000
Convert 14b (base 15) to base 6.
1212
What is -1368 (base 11) in base 7?
-5104
What is 1230021 (base 4) in base 3?
100111100
-100101000011011 (base 2) to base 3
-222000122
Convert 54b2 (base 15) to base 9.
26545
11101110001 (base 2) to base 13
b37
aaa9 (base 13) to base 9
35573
Convert 20011 (base 3) to base 16.
a6
What is -123201 (base 4) in base 12?
-1029
Convert -742b (base 15) to base 3.
-1020200212
-6e (base 16) to base 3
-11002
1021320 (base 4) to base 6
33520
244 (base 13) to base 10
394
Convert -13340 (base 6) to base 3.
-2211220
Convert -1301 (base 10) to base 8.
-2425
What is 40 (base 10) in base 5?
130
What is -344340 (base 5) in base 8?
-30266
What is -46 (base 15) in base 2?
-1000010
Convert 10030232 (base 4) to base 9.
25528
-10110111001 (base 2) to base 8
-2671
Convert -416 (base 10) to base 9.
-512
What is 626 (base 14) in base 6?
5334
69a (base 15) to base 14
78b
What is 2685 (base 12) in base 9?
6052
Convert cd (base 14) to base 12.
131
What is -213020 (base 4) in base 9?
-3382
What is 1414 (base 6) in base 12?
26a
Convert -1011110 (base 3) to base 16.
-351
What is -132313 (base 4) in base 3?
-2201011
Convert -4a (base 15) to base 10.
-70
What is -122021 (base 3) in base 16?
-1d2
What is 4aa0 (base 15) in base 12?
9250
Convert -67 (base 16) to base 7.
-205
Convert -2231 (base 4) to base 13.
-104
Convert 400 (base 14) to base 15.
374
6b1 (base 13) to base 11
963
Convert 372 (base 13) to base 2.
1001011000
Convert 2738 (base 10) to base 11.
206a
Convert 111223 (base 4) to base 10.
1387
-2152 (base 10) to base 11
-1687
21414 (base 7) to base 14
1d44
Convert -2172 (base 10) to base 4.
-201330
Convert -4e0 (base 16) to base 5.
-14443
What is 32a4 (base 14) in base 15?
28e8
What is 5439 (base 12) in base 14?
3537
What is -4120 (base 6) in base 14?
-492
What is 72778 (base 10) in base 4?
101301022
What is -422211 (base 5) in base 8?
-33350
4213 (base 9) to base 13
1539
What is 1a8 (base 15) in base 11?
319
3a7 (base 14) to base 3
1000020
-74b (base 14) to base 8
-2637
What is 100010011111000 (base 2) in base 14?
6612
What is -100011111111 (base 2) in base 16?
-8ff
-4784 (base 9) to base 14
-1423
What is -6ab5 (base 13) in base 14?
-568c
What is -3042 (base 5) in base 6?
-1501
Convert -43312 (base 6) to base 8.
-13474
Convert -10010111110100 (base 2) to base 5.
-302331
-42400 (base 5) to base 4
-230202
What is 7df (base 16) in base 6?
13155
311123 (base 5) to base 7
41426
What is 11200 (base 3) in base 2?
1111110
Convert -37065 (base 8) to base 12.
-9271
Convert 64440 (base 9) to base 5.
2331032
-27082 (base 10) to base 7
-141646
Convert 1010011100101110 (base 2) to base 16.
a72e
What is 1a3a (base 11) in base 16?
a18
What is -359a5 (base 11) in base 2?
-1100101001000110
-43432 (base 9) to base 14
-a6c0
Convert -d0 (base 14) to base 9.
-222
Convert 1001100100100 (base 2) to base 3.
20201111
What is -1c8 (base 14) in base 3?
-111210
Convert 1331310 (base 4) to base 12.
47b0
Convert 2610 (base 11) to base 8.
6507
-32337 (base 8) to base 9
-20508
What is 410 (base 15) in base 7?
2445
1754 (base 9) to base 2
10101000001
5479 (base 11) to base 4
1300321
What is -112112011 (base 3) in base 4?
-2211130
-20101010 (base 3) to base 5
-122042
Convert -5bc5 (base 14) to base 16.
-3eb1
1011101100001100 (base 2) to base 12
23864
What is -3a2 (base 11) in base 16?
-1db
Convert 12390 (base 13) to base 16.
832b
What is 220300 (base 4) in base 5?
40413
Convert 1020200 (base 5) to base 9.
25185
What is -10211001102 (base 3) in base 16?
-12575
728b (base 15) to base 4
11322032
-1331432 (base 5) to base 6
-325313
170c (base 13) to base 11
2604
What is 24277 (base 8) in base 2?
10100010111111
What is -4809 (base 16) in base 13?
-8517
Convert -11a (base 15) to base 4.
-3322
Convert 14365 (base 7) to base 3.
12102221
Convert 1d0 (base 14) to base 8.
572
1f70 (base 16) to base 8
17560
3100 (base 4) to base 14
10c
Convert 134066 (base 7) to base 10.
25430
What is 1a57 (base 11) in base 2?
101000101011
What is 2014 (base 13) in base 3?
20001101
What is 1012001 (base 3) in base 11?
717
1001011111 (base 2) to base 16
25f
-68c (base 14) to base 15
-5ba
-121a4 (